{"id":411,"date":"2022-12-15T11:46:02","date_gmt":"2022-12-15T14:46:02","guid":{"rendered":"https:\/\/portalbiocursos.com.br\/?post_type=product&#038;p=411"},"modified":"2026-01-30T11:03:06","modified_gmt":"2026-01-30T14:03:06","slug":"formacao-em-quiropraxia","status":"publish","type":"product","link":"https:\/\/portalbiocursos.com.br\/index.php\/produto\/formacao-em-quiropraxia\/","title":{"rendered":"Quiropraxia"},"content":{"rendered":"<h3>Descri\u00e7\u00e3o<\/h3>\n<p style=\"font-weight: 400;\"><strong>FORMA\u00c7\u00c3O COMPLETA<\/strong><\/p>\n<p style=\"font-weight: 400;\">A Quiropraxia \u00e9 uma terapia manual essencialmente indolor que procura restabelecer a sa\u00fade corporal e aliviar dores sem o uso de medicamentos ou procedimentos cir\u00fargicos. Suas bases foram criadas em 1895, nos EUA, por Daniel David Palmer. Hoje, reconhecida cientificamente (com estudos em pa\u00edses como Estados Unidos, Canad\u00e1, Inglaterra, Fran\u00e7a, Austr\u00e1lia e Jap\u00e3o), \u00e9 a terapia natural que mais cresce no mundo.<\/p>\n<p style=\"font-weight: 400;\">O m\u00e9todo concentra-se na qualidade do funcionamento do sistema nervoso, respons\u00e1vel pela sa\u00fade global do organismo. Por meio da manipula\u00e7\u00e3o, a Quiropraxia libera os impulsos nervosos bloqueados nas articula\u00e7\u00f5es com dificuldades de movimenta\u00e7\u00e3o e, desta forma, atinge seus objetivos, aliviando dores e melhorando o organismo como um todo.<\/p>\n","protected":false},"excerpt":{"rendered":"<p><strong>QUIROPRAXIA<\/strong><\/p>\n<p><strong>Forma\u00e7\u00e3o completa<\/strong><\/p>\n<p><strong>Descri\u00e7\u00e3o<\/strong><\/p>\n<p>A <strong>Quiropraxia<\/strong> \u00e9 uma terapia manual essencialmente indolor que procura restabelecer a sa\u00fade corporal e aliviar dores sem o uso de medicamentos ou procedimentos cir\u00fargicos. Suas bases foram criadas em 1895, nos EUA, por Daniel David Palmer.\u00a0Hoje, reconhecida cientificamente (com\u00a0estudos\u00a0em pa\u00edses como Estados Unidos, Canad\u00e1, Inglaterra, Fran\u00e7a, Austr\u00e1lia e Jap\u00e3o),\u00a0\u00e9 a terapia natural que mais cresce no mundo.<\/p>\n<p>O m\u00e9todo concentra-se na qualidade do funcionamento do sistema nervoso,\u00a0respons\u00e1vel pela sa\u00fade global do organismo. Por meio da manipula\u00e7\u00e3o, a Quiropraxia libera os impulsos nervosos bloqueados nas articula\u00e7\u00f5es com dificuldades de movimenta\u00e7\u00e3o e, desta forma, atinge seus objetivos, aliviando dores e melhorando o organismo como um todo.<\/p>\n<p>&nbsp;<\/p>\n<p><strong>Conte\u00fado Program\u00e1tico<\/strong><\/p>\n<ul>\n<li>Introdu\u00e7\u00e3o \u00e0 Quiropraxia<\/li>\n<li>Regi\u00e3o Cervical Alta da Coluna Vertebral<\/li>\n<li>\u00a0Regi\u00e3o Cervical Baixa da Coluna Vertebra<\/li>\n<li>\u00a0Regi\u00e3o T\u00f3raco-Lombar da Coluna Vertebral<\/li>\n<li>Cervical 1<\/li>\n<li>Cervical 2<\/li>\n<li>A Cintura P\u00e9lvica<\/li>\n<li>Membros Inferiores<\/li>\n<li>Membros Superiores<\/li>\n<\/ul>\n<p>&nbsp;<\/p>\n<p><strong>P\u00fablico-alvo<\/strong><\/p>\n<p>Profissionais graduados e acad\u00eamicos a partir do 5 \u00ba\u00a0per\u00edodo da \u00e1rea da sa\u00fade<\/p>\n<p><strong>\u00a0<\/strong><\/p>\n<p><strong>Carga hor\u00e1ria<\/strong><\/p>\n<p>60h\/aula<\/p>\n<p><strong>\u00a0<\/strong><\/p>\n<p><strong>Datas<\/strong><\/p>\n<p>M\u00f3dulo I: 29,30 e 31 de maio de 2025<\/p>\n<p>M\u00f3dulo II: 19,20,21 e 22 de junho de 2025<\/p>\n<p><strong>Hor\u00e1rios<\/strong><\/p>\n<p>I M\u00f3dulo:08h \u00e0s 18h (Quinta e Sexta)<\/p>\n<p>08h \u00e0s 12h (S\u00e1bado)<\/p>\n<p>&nbsp;<\/p>\n<p>&nbsp;<\/p>\n<p>II M\u00f3dulo:08h \u00e0s 18h (Qui, Sex e Sab)<\/p>\n<p>08h \u00e0s 12h (Dom)<\/p>\n<p>&nbsp;<\/p>\n<p><strong>Local<\/strong><\/p>\n<p><strong>Manaus-AM:<\/strong> Sede da Bio Cursos: R. Rio Javari, 170 \u2013 Vieiralves \u2013 (Atr\u00e1s do McDonald\u2019s da Av. Djalma Batista)<\/p>\n<p>&nbsp;<\/p>\n<p><strong>Ministrante<\/strong><\/p>\n<p><strong>Carmen F\u00e1tima Prada de Freitas <\/strong><strong>(SP)<\/strong><\/p>\n<ul>\n<li>Quiropraxia \u2013 M\u00e9todo Matheus de Souza<\/li>\n<li>Quiropraxia \u2013 Forma\u00e7\u00e3o em Escoliose<\/li>\n<li>Forma\u00e7\u00e3o em RPG m\u00e9todo original<\/li>\n<li>Farmacologia \u2013 princ\u00edpios b\u00e1sicos<\/li>\n<li>Isostretching \u2013 Gin\u00e1stica Postural<\/li>\n<li>Pilates on the Ball<\/li>\n<li>Corre\u00e7\u00e3o postural sobre bola su\u00ed\u00e7a<\/li>\n<li>Pilates Mat level I and II Instructor<\/li>\n<li>Reiki I; Massagem Ayurv\u00e9dica; Enmei-gaku \u2013 massagem tibetana<\/li>\n<li>Docente de Quiropraxia junto \u00e0 equipe de Matheus de Souza no Ibraqui<\/li>\n<li>Docente no Senac nas \u00e1reas de Quiropraxia, Anatomia, Patologia, Biomecanica, Cinesiologia e Neurologia<\/li>\n<\/ul>\n<p>&nbsp;<\/p>\n<p><strong>Investimento: <\/strong><\/p>\n<p>\u00c0 vista R$ 2.950,00<\/p>\n<ul>\n<li>5% de Desconto para alunos que no momento da matr\u00edcula estiverem cursando P\u00f3s-Gradua\u00e7\u00e3o na Bio Cursos: R$ 2.802,50<\/li>\n<li>At\u00e9 12x SEM JUROS nos cart\u00f5es<\/li>\n<\/ul>\n<p>&nbsp;<\/p>\n<p><strong>Observa\u00e7\u00f5es:<\/strong><\/p>\n<p>&#8211; Em caso de desist\u00eancia do curso, n\u00e3o haver\u00e1 devolu\u00e7\u00e3o de valor pago, sendo cobrado 20% de multa do valor contratado em car\u00e1ter de despesas administrativas;<\/p>\n<p>&#8211; A organiza\u00e7\u00e3o se reserva do direito de adiar ou cancelar o curso caso n\u00e3o haja o n\u00famero suficiente de participantes para sua realiza\u00e7\u00e3o;<\/p>\n<p>&#8211; A Bio Cursos n\u00e3o se responsabiliza em restituir valores de transportes ou hospedagem caso o curso seja cancelado;<\/p>\n<p><strong>\u00a0<\/strong><\/p>\n<p><strong>Informa\u00e7\u00f5es e Matr\u00edculas:<\/strong><\/p>\n<p><strong>(92) 3584-0031 \/ (92) 99225-8508 (WhatsApp)<\/strong><\/p>\n<p><strong>Consultor Comercial: Filipe Nobre \u00a0<\/strong><\/p>\n<p><a href=\"mailto:atendimento@portalbiocursos.com.br\">atendimento@portalbiocursos.com.br<\/a><\/p>\n<p>&nbsp;<\/p>\n<p>As matr\u00edculas tamb\u00e9m poder\u00e3o ser efetuadas por dep\u00f3sito\/transfer\u00eancia para uma das contas abaixo ou PIX para conta da Caixa (ap\u00f3s o pagamento enviar o comprovante via E-mail ou WhatsApp):<\/p>\n<p>&nbsp;<\/p>\n<p>&nbsp;<\/p>\n<table width=\"564\">\n<tbody>\n<tr>\n<td width=\"185\"><strong>Chave PIX: <\/strong><\/p>\n<p>272.865.438-73<\/p>\n<p><strong>CAIXA<\/strong><\/p>\n<p>Ag\u00eancia: 2897<\/p>\n<p>Tipo de conta: 001<\/p>\n<p>Conta Corrente: 00001377-5<\/p>\n<p>Andr\u00e9 Barbosa Rigato<\/p>\n<p>CPF: 272.865.438-73<\/td>\n<td width=\"191\"><strong>INTER<\/strong><\/p>\n<p>Chave Pix:<\/p>\n<p>10.208.028\/0001-72<\/p>\n<p>Andr\u00e9 Barbosa Rigato Cursos<\/td>\n<td width=\"188\"><strong>BANCO DO BRASIL<\/strong><\/p>\n<p>Ag\u00eancia: 1197-5<\/p>\n<p>Conta Corrente: 48.340-0<\/p>\n<p>Bio Cursos<\/td>\n<\/tr>\n<\/tbody>\n<\/table>\n<p>&nbsp;<\/p>\n","protected":false},"featured_media":7656,"comment_status":"open","ping_status":"closed","template":"","meta":[],"product_cat":[72],"product_tag":[75,26,453,80,23,81],"class_list":{"0":"post-411","1":"product","2":"type-product","3":"status-publish","4":"has-post-thumbnail","6":"product_cat-cursos","7":"product_tag-cursos","8":"product_tag-fisioterapia","9":"product_tag-formacao-em-quiropraxia","10":"product_tag-formacaoemquiropraxia","11":"product_tag-manaus","12":"product_tag-quiropraxia","14":"first","15":"instock","16":"shipping-taxable","17":"purchasable","18":"product-type-simple"},"_links":{"self":[{"href":"https:\/\/portalbiocursos.com.br\/index.php\/wp-json\/wp\/v2\/product\/411","targetHints":{"allow":["GET"]}}],"collection":[{"href":"https:\/\/portalbiocursos.com.br\/index.php\/wp-json\/wp\/v2\/product"}],"about":[{"href":"https:\/\/portalbiocursos.com.br\/index.php\/wp-json\/wp\/v2\/types\/product"}],"replies":[{"embeddable":true,"href":"https:\/\/portalbiocursos.com.br\/index.php\/wp-json\/wp\/v2\/comments?post=411"}],"version-history":[{"count":4,"href":"https:\/\/portalbiocursos.com.br\/index.php\/wp-json\/wp\/v2\/product\/411\/revisions"}],"predecessor-version":[{"id":10183,"href":"https:\/\/portalbiocursos.com.br\/index.php\/wp-json\/wp\/v2\/product\/411\/revisions\/10183"}],"wp:featuredmedia":[{"embeddable":true,"href":"https:\/\/portalbiocursos.com.br\/index.php\/wp-json\/wp\/v2\/media\/7656"}],"wp:attachment":[{"href":"https:\/\/portalbiocursos.com.br\/index.php\/wp-json\/wp\/v2\/media?parent=411"}],"wp:term":[{"taxonomy":"product_cat","embeddable":true,"href":"https:\/\/portalbiocursos.com.br\/index.php\/wp-json\/wp\/v2\/product_cat?post=411"},{"taxonomy":"product_tag","embeddable":true,"href":"https:\/\/portalbiocursos.com.br\/index.php\/wp-json\/wp\/v2\/product_tag?post=411"}],"curies":[{"name":"wp","href":"https:\/\/api.w.org\/{rel}","templated":true}]}}