{"id":3242,"date":"2023-06-20T16:18:09","date_gmt":"2023-06-20T19:18:09","guid":{"rendered":"https:\/\/portalbiocursos.com.br\/?post_type=product&#038;p=3242"},"modified":"2025-09-11T11:07:46","modified_gmt":"2025-09-11T14:07:46","slug":"pos-graduacao-em-fisioterapia-pelvica-e-saude-da-mulher","status":"publish","type":"product","link":"https:\/\/portalbiocursos.com.br\/index.php\/produto\/pos-graduacao-em-fisioterapia-pelvica-e-saude-da-mulher\/","title":{"rendered":"P\u00f3s-Gradua\u00e7\u00e3o em Fisioterapia P\u00e9lvica e Sa\u00fade da Mulher"},"content":{"rendered":"<p>A Fisioterapia P\u00e9lvica atingiu tamanha import\u00e2ncia no contexto da sa\u00fade da mulher, assim como no tratamento de homens e crian\u00e7as, que vem sendo apontada como procedimento de primeira escolha no tratamento das disfun\u00e7\u00f5es urogenitais, postergando procedimentos cir\u00fargicos.<\/p>\n<p>Em se tratando de sa\u00fade da mulher, a Fisioterapia P\u00e9lvica tem importante papel nas diferentes fases da vida, como gesta\u00e7\u00e3o, parto e climat\u00e9rio. Por isso, n\u00e3o deve ser vista apenas sob o aspecto do tratamento ap\u00f3s o problema instalado, mas tamb\u00e9m como importante ferramenta de preven\u00e7\u00e3o de diversas disfun\u00e7\u00f5es.<\/p>\n<p>Visando o fortalecimento muscular, a fisioterapia pode garantir qualidade de vida \u00e0s mulheres que sofrem de disfun\u00e7\u00f5es do assoalho p\u00e9lvico, como dor p\u00e9lvica cr\u00f4nica, disfun\u00e7\u00f5es sexuais, incontin\u00eancias urin\u00e1rias e fecais, prolapsos, entre outros problemas.<\/p>\n","protected":false},"excerpt":{"rendered":"<p>A Fisioterapia P\u00e9lvica atingiu tamanha import\u00e2ncia no contexto da sa\u00fade da mulher, assim como no tratamento de homens e crian\u00e7as, que vem sendo apontada como procedimento de primeira escolha no tratamento das disfun\u00e7\u00f5es urogenitais, postergando procedimentos cir\u00fargicos. Em se tratando de sa\u00fade da mulher, a Fisioterapia P\u00e9lvica tem importante papel nas diferentes fases da vida, [&hellip;]<\/p>\n","protected":false},"featured_media":7768,"comment_status":"open","ping_status":"closed","template":"","meta":[],"product_cat":[21],"product_tag":[26,263,262,264],"class_list":{"0":"post-3242","1":"product","2":"type-product","3":"status-publish","4":"has-post-thumbnail","6":"product_cat-pos-graduacoes","7":"product_tag-fisioterapia","8":"product_tag-fisioterapia-pelvica-pelvica","9":"product_tag-pos-graduacao-em-fisioterapia-pelvica-e-saude-da-mulher","10":"product_tag-sauda-da-mulher","12":"first","13":"instock","14":"shipping-taxable","15":"purchasable","16":"product-type-simple"},"_links":{"self":[{"href":"https:\/\/portalbiocursos.com.br\/index.php\/wp-json\/wp\/v2\/product\/3242","targetHints":{"allow":["GET"]}}],"collection":[{"href":"https:\/\/portalbiocursos.com.br\/index.php\/wp-json\/wp\/v2\/product"}],"about":[{"href":"https:\/\/portalbiocursos.com.br\/index.php\/wp-json\/wp\/v2\/types\/product"}],"replies":[{"embeddable":true,"href":"https:\/\/portalbiocursos.com.br\/index.php\/wp-json\/wp\/v2\/comments?post=3242"}],"version-history":[{"count":2,"href":"https:\/\/portalbiocursos.com.br\/index.php\/wp-json\/wp\/v2\/product\/3242\/revisions"}],"predecessor-version":[{"id":4645,"href":"https:\/\/portalbiocursos.com.br\/index.php\/wp-json\/wp\/v2\/product\/3242\/revisions\/4645"}],"wp:featuredmedia":[{"embeddable":true,"href":"https:\/\/portalbiocursos.com.br\/index.php\/wp-json\/wp\/v2\/media\/7768"}],"wp:attachment":[{"href":"https:\/\/portalbiocursos.com.br\/index.php\/wp-json\/wp\/v2\/media?parent=3242"}],"wp:term":[{"taxonomy":"product_cat","embeddable":true,"href":"https:\/\/portalbiocursos.com.br\/index.php\/wp-json\/wp\/v2\/product_cat?post=3242"},{"taxonomy":"product_tag","embeddable":true,"href":"https:\/\/portalbiocursos.com.br\/index.php\/wp-json\/wp\/v2\/product_tag?post=3242"}],"curies":[{"name":"wp","href":"https:\/\/api.w.org\/{rel}","templated":true}]}}