{"id":11151,"date":"2025-05-07T10:45:44","date_gmt":"2025-05-07T13:45:44","guid":{"rendered":"https:\/\/portalbiocursos.com.br\/?post_type=product&#038;p=11151"},"modified":"2025-05-07T12:09:57","modified_gmt":"2025-05-07T15:09:57","slug":"formacao-em-osteopatia","status":"publish","type":"product","link":"https:\/\/portalbiocursos.com.br\/index.php\/produto\/formacao-em-osteopatia\/","title":{"rendered":"Forma\u00e7\u00e3o em Osteopatia"},"content":{"rendered":"","protected":false},"excerpt":{"rendered":"<p>A Osteopatia \u00e9 um m\u00e9todo de tratamento manual e natural criado nos Estados Unidos, no fim do s\u00e9culo XIX, pelo m\u00e9dico Andrew Taylor Still. Ele acreditava que o bom equil\u00edbrio das estruturas do aparelho locomotor era crucial para evitar o aparecimento de disfun\u00e7\u00f5es e de doen\u00e7as.<br \/>\nOu seja, o corpo tem possibilidade de se reequilibrar, de autocurar-se. Cabe ao osteopata a tarefa de normalizar as estruturas e \u201cdeixar a Natureza trabalhar\u201d.<\/p>\n<p>&nbsp;<\/p>\n<p>Etapa 1 \u2013 Hist\u00f3rico, conceitos e princ\u00edpios, il\u00edacos p\u00fabis e coluna lombar;<br \/>\nEtapa 2 \u2013 Coluna Tor\u00e1cica e Cervical inferior;<br \/>\nEtapa 3 \u2013 Sacro e C\u00f3ccix;<br \/>\nEtapa 4 \u2013 Cintura Escapular, quadril e joelho;<br \/>\nEst\u00e1gio Supervisionado 1<\/p>\n<p>Etapa 5 \u2013 Orif\u00edcio superior do T\u00f3rax, S\u00edndromes de compress\u00e3o perif\u00e9rica, primeira costela, costelas, dobradi\u00e7a C7\/T1 e T12\/L1, diafragma;<br \/>\nEtapa 6 \u2013 Cotovelo, punho, M\u00e3o, Tornozelo e p\u00e9;<br \/>\nEtapa 7 \u2013 V\u00e9rtebras superiores (OAA), Linhas de gravidade, L5\/S1, H\u00e9rnias discais, Ci\u00e1ticas;<br \/>\nEtapa 8 \u2013 T\u00e9cnica de Dejarnette, Cinesiologia Aplicada.<br \/>\nEst\u00e1gio Supervisionado 2<\/p>\n<p>QUANTO GANHA UM ESPECIALISTA EM OSTEOPATIA?<br \/>\nUm especialista em osteopatia no Brasil pode ter uma renda bastante vari\u00e1vel, dependendo de fatores como localiza\u00e7\u00e3o, experi\u00eancia, e p\u00fablico-alvo. Em m\u00e9dia, o faturamento mensal pode girar entre R$6.000 e R$15.000, considerando atendimentos particulares e carga hor\u00e1ria. Em regi\u00f5es com maior demanda e uma boa rede de pacientes, o valor pode ser ainda mais alto, especialmente se o profissional diversificar servi\u00e7os ou oferecer atendimentos especializados.<br \/>\nMERCADO DE TRABALHO NA OSTEOPATIA<br \/>\nO mercado de trabalho para osteopatas est\u00e1 em expans\u00e3o no Brasil, impulsionado pela crescente busca por alternativas naturais e menos invasivas para o tratamento de dores e disfun\u00e7\u00f5es musculoesquel\u00e9ticas. Profissionais qualificados encontram oportunidades em cl\u00ednicas de reabilita\u00e7\u00e3o, consult\u00f3rios particulares, e academias, al\u00e9m de setores esportivos e multidisciplinares. Com o aumento da conscientiza\u00e7\u00e3o sobre os benef\u00edcios da osteopatia, a demanda por especialistas cresce, especialmente em grandes centros urbanos e regi\u00f5es carentes de profissionais capacitados.<\/p>\n","protected":false},"featured_media":11167,"comment_status":"open","ping_status":"closed","template":"","meta":[],"product_cat":[21],"product_tag":[701],"class_list":{"0":"post-11151","1":"product","2":"type-product","3":"status-publish","4":"has-post-thumbnail","6":"product_cat-pos-graduacoes","7":"product_tag-formacao-em-osteopatia","9":"first","10":"instock","11":"shipping-taxable","12":"purchasable","13":"product-type-simple"},"_links":{"self":[{"href":"https:\/\/portalbiocursos.com.br\/index.php\/wp-json\/wp\/v2\/product\/11151","targetHints":{"allow":["GET"]}}],"collection":[{"href":"https:\/\/portalbiocursos.com.br\/index.php\/wp-json\/wp\/v2\/product"}],"about":[{"href":"https:\/\/portalbiocursos.com.br\/index.php\/wp-json\/wp\/v2\/types\/product"}],"replies":[{"embeddable":true,"href":"https:\/\/portalbiocursos.com.br\/index.php\/wp-json\/wp\/v2\/comments?post=11151"}],"version-history":[{"count":1,"href":"https:\/\/portalbiocursos.com.br\/index.php\/wp-json\/wp\/v2\/product\/11151\/revisions"}],"predecessor-version":[{"id":11152,"href":"https:\/\/portalbiocursos.com.br\/index.php\/wp-json\/wp\/v2\/product\/11151\/revisions\/11152"}],"wp:featuredmedia":[{"embeddable":true,"href":"https:\/\/portalbiocursos.com.br\/index.php\/wp-json\/wp\/v2\/media\/11167"}],"wp:attachment":[{"href":"https:\/\/portalbiocursos.com.br\/index.php\/wp-json\/wp\/v2\/media?parent=11151"}],"wp:term":[{"taxonomy":"product_cat","embeddable":true,"href":"https:\/\/portalbiocursos.com.br\/index.php\/wp-json\/wp\/v2\/product_cat?post=11151"},{"taxonomy":"product_tag","embeddable":true,"href":"https:\/\/portalbiocursos.com.br\/index.php\/wp-json\/wp\/v2\/product_tag?post=11151"}],"curies":[{"name":"wp","href":"https:\/\/api.w.org\/{rel}","templated":true}]}}